{"id":516,"date":"2021-12-14T14:29:12","date_gmt":"2021-12-14T13:29:12","guid":{"rendered":"https:\/\/opus-pocus.com\/woocommerce\/?page_id=516"},"modified":"2022-11-21T17:28:38","modified_gmt":"2022-11-21T16:28:38","slug":"a-propos","status":"publish","type":"page","link":"https:\/\/www.opus-pocus.com\/shop\/a-propos\/","title":{"rendered":"Qui suis-je?"},"content":{"rendered":"\n<p><\/p>\n\n\n\n<h2 class=\"wp-block-heading\">Pr\u00e9sentation:<\/h2>\n\n\n\n<div class=\"wp-block-columns is-layout-flex wp-container-core-columns-is-layout-9d6595d7 wp-block-columns-is-layout-flex\">\n<div class=\"wp-block-column is-layout-flow wp-block-column-is-layout-flow\" style=\"flex-basis:33.33%\">\n<figure class=\"wp-block-gallery has-nested-images columns-default is-cropped wp-block-gallery-1 is-layout-flex wp-block-gallery-is-layout-flex\">\n<figure class=\"wp-block-image size-full is-style-rounded\"><img data-recalc-dims=\"1\" loading=\"lazy\" decoding=\"async\" width=\"800\" height=\"800\" data-id=\"992\" src=\"https:\/\/i0.wp.com\/opus-pocus.com\/shop\/wp-content\/uploads\/2022\/04\/Me-Og-2.jpg?resize=800%2C800&#038;ssl=1\" alt=\"\" class=\"wp-image-992\" srcset=\"https:\/\/i0.wp.com\/www.opus-pocus.com\/shop\/wp-content\/uploads\/2022\/04\/Me-Og-2.jpg?w=800&amp;ssl=1 800w, https:\/\/i0.wp.com\/www.opus-pocus.com\/shop\/wp-content\/uploads\/2022\/04\/Me-Og-2.jpg?resize=300%2C300&amp;ssl=1 300w, https:\/\/i0.wp.com\/www.opus-pocus.com\/shop\/wp-content\/uploads\/2022\/04\/Me-Og-2.jpg?resize=150%2C150&amp;ssl=1 150w, https:\/\/i0.wp.com\/www.opus-pocus.com\/shop\/wp-content\/uploads\/2022\/04\/Me-Og-2.jpg?resize=768%2C768&amp;ssl=1 768w, https:\/\/i0.wp.com\/www.opus-pocus.com\/shop\/wp-content\/uploads\/2022\/04\/Me-Og-2.jpg?resize=600%2C600&amp;ssl=1 600w, https:\/\/i0.wp.com\/www.opus-pocus.com\/shop\/wp-content\/uploads\/2022\/04\/Me-Og-2.jpg?resize=100%2C100&amp;ssl=1 100w\" sizes=\"auto, (max-width: 800px) 100vw, 800px\" \/><figcaption class=\"wp-element-caption\">Les Mariages d&rsquo;Aure<\/figcaption><\/figure>\n<\/figure>\n<\/div>\n\n\n\n<div class=\"wp-block-column is-layout-flow wp-block-column-is-layout-flow\" style=\"flex-basis:66.66%\">\n<p class=\"has-drop-cap\">C&rsquo;est une passionn\u00e9e des m\u00e9tiers d&rsquo;arts, d&rsquo;Histoire, de patrimoine, de min\u00e9raux et d&rsquo;\u00e9sot\u00e9risme qui se cache derri\u00e8re la marque Opus Pocus:<\/p>\n\n\n\n<p>\u00ab\u00a0Dipl\u00f4m\u00e9e des M\u00e9tiers d&rsquo;arts dans le textile (styliste\/mod\u00e9liste et costumi\u00e8re), j&rsquo;ai quitt\u00e9 ma Bretagne natale pour m&rsquo;installer \u00e0 Paris en 2010.<\/p>\n\n\n\n<p>J&rsquo;ai longtemps travaill\u00e9 dans le bijou comme responsable de boutique et apr\u00e8s une succession d&rsquo;\u00e9preuves, j&rsquo;ai voulu cr\u00e9er des talismans pour aider les autres \u00e0 traverser leurs propres batailles gr\u00e2ce \u00e0 des amulettes comme le bijou m&rsquo;avait aid\u00e9. <\/p>\n\n\n\n<p>Je vois le bijou comme une armure ou un bouclier capable de nous aider \u00e0 tout affronter. Alors j&rsquo;ai d\u00e9marr\u00e9 le projet Opus Pocus en octobre 2018 pour vous offrir des bijoux originaux dans le th\u00e8me du mystique et du m\u00e9di\u00e9val.<\/p>\n<\/div>\n<\/div>\n\n\n\n<p>Cr\u00e9ative depuis l&rsquo;enfance, je touche \u00e0 toute forme d&rsquo;art (peinture, couture, sculpture, \u00e9criture, etc) j&rsquo;ai int\u00e9gr\u00e9 une formation en bijouterie \u00e0 l&rsquo;Ecole du Louvre \u00e0 Paris (Bjo\/Haute Ecole de Joaillerie) en 2017 puis au Laboratoire Fran\u00e7ais de Gemmologie de Paris en 2020. <\/p>\n\n\n\n<p>V\u00e9ritable passionn\u00e9e, je vous propose des bijoux symboliques en argent massif dans des designs in\u00e9dits avec des gemmes naturelles dans la d\u00e9marche de vous apporter protection, r\u00e9confort, espoir et force afin que vous portiez ce bijou comme un talisman.<\/p>\n\n\n\n<p>Je m&rsquo;inspire de la p\u00e9riode m\u00e9di\u00e9vale mais aussi du paganisme, des contr\u00e9es celtes, de la magie, des cycles lunaires, de la sorcellerie. Le bijou est pour moi une mani\u00e8re de s&rsquo;exprimer \u00e0 travers les symboliques que j&rsquo;utilise et de permettre \u00e0 chacune de se r\u00e9v\u00e9ler \u00e0 travers un talisman qui agit \u00e0 la mani\u00e8re d&rsquo;un ange gardien.<\/p>\n\n\n\n<p>Les bijoux sont tous fabriqu\u00e9s en argent 925 et sont appos\u00e9s de mon poin\u00e7on unique et nominatif, obligatoire en France afin de prouver la qualit\u00e9 pr\u00e9cieuse du m\u00e9tal et sa tra\u00e7abilit\u00e9. <\/p>\n\n\n\n<p>Je travaille sur 2 gammes, une gamme de bijoux dont je cr\u00e9\u00e9 le design qui sont ensuite fabriqu\u00e9s par un prestataire tha\u00eflandais \u00e9thique (vous y trouverez\u00a0mon poin\u00e7on d&rsquo;importateur) puis sur des pi\u00e8ces uniques et de petite s\u00e9rie que je fabrique moi-m\u00eame dans mon atelier en France (vous y trouverez mon poin\u00e7on de ma\u00eetre). Mes 2 poin\u00e7ons sont repr\u00e9sent\u00e9s de mes initiales et du symbole Triple Lune.<\/p>\n\n\n\n<p>Bienvenue dans l&rsquo;univers mystique d&rsquo;Opus Pocus, qui vous fera voyager dans les brumes des pays celtes nimb\u00e9es de magie dans une p\u00e9riode m\u00e9di\u00e9vale o\u00f9 les mondes c\u00e9lestes se rencontrent. Que votre voyage soit onirique!\u00a0\u00bb<\/p>\n","protected":false},"excerpt":{"rendered":"<p>Pr\u00e9sentation: C&rsquo;est une passionn\u00e9e des m\u00e9tiers d&rsquo;arts, d&rsquo;Histoire, de patrimoine, de min\u00e9raux et d&rsquo;\u00e9sot\u00e9risme qui se cache derri\u00e8re la marque Opus Pocus: \u00ab\u00a0Dipl\u00f4m\u00e9e des M\u00e9tiers d&rsquo;arts dans le textile (styliste\/mod\u00e9liste et costumi\u00e8re), j&rsquo;ai quitt\u00e9 ma Bretagne natale pour m&rsquo;installer \u00e0 Paris en 2010. J&rsquo;ai longtemps travaill\u00e9 dans le bijou comme responsable de boutique et apr\u00e8s &hellip;<\/p>\n<p class=\"read-more\"> <a class=\"\" href=\"https:\/\/www.opus-pocus.com\/shop\/a-propos\/\"> <span class=\"screen-reader-text\">Qui suis-je?<\/span> Lire la suite\u00a0\u00bb<\/a><\/p>\n","protected":false},"author":3,"featured_media":0,"parent":0,"menu_order":0,"comment_status":"closed","ping_status":"closed","template":"","meta":{"site-sidebar-layout":"","site-content-layout":"","ast-main-header-display":"","ast-hfb-above-header-display":"","ast-hfb-below-header-display":"","ast-hfb-mobile-header-display":"","site-post-title":"","ast-breadcrumbs-content":"","ast-featured-img":"","footer-sml-layout":"","theme-transparent-header-meta":"","adv-header-id-meta":"","stick-header-meta":"","header-above-stick-meta":"","header-main-stick-meta":"","header-below-stick-meta":"","footnotes":""},"class_list":["post-516","page","type-page","status-publish","hentry"],"yoast_head":"<!-- This site is optimized with the Yoast SEO plugin v27.3 - https:\/\/yoast.com\/product\/yoast-seo-wordpress\/ -->\n<title>Qui suis-je? - Opus Pocus<\/title>\n<meta name=\"robots\" content=\"index, follow, max-snippet:-1, max-image-preview:large, max-video-preview:-1\" \/>\n<link rel=\"canonical\" href=\"https:\/\/www.opus-pocus.com\/shop\/a-propos\/\" \/>\n<meta property=\"og:locale\" content=\"fr_FR\" \/>\n<meta property=\"og:type\" content=\"article\" \/>\n<meta property=\"og:title\" content=\"Qui suis-je? - Opus Pocus\" \/>\n<meta property=\"og:description\" content=\"Pr\u00e9sentation: C&rsquo;est une passionn\u00e9e des m\u00e9tiers d&rsquo;arts, d&rsquo;Histoire, de patrimoine, de min\u00e9raux et d&rsquo;\u00e9sot\u00e9risme qui se cache derri\u00e8re la marque Opus Pocus: \u00ab\u00a0Dipl\u00f4m\u00e9e des M\u00e9tiers d&rsquo;arts dans le textile (styliste\/mod\u00e9liste et costumi\u00e8re), j&rsquo;ai quitt\u00e9 ma Bretagne natale pour m&rsquo;installer \u00e0 Paris en 2010. J&rsquo;ai longtemps travaill\u00e9 dans le bijou comme responsable de boutique et apr\u00e8s &hellip; Qui suis-je? Lire la suite\u00a0\u00bb\" \/>\n<meta property=\"og:url\" content=\"https:\/\/www.opus-pocus.com\/shop\/a-propos\/\" \/>\n<meta property=\"og:site_name\" content=\"Opus Pocus\" \/>\n<meta property=\"article:modified_time\" content=\"2022-11-21T16:28:38+00:00\" \/>\n<meta property=\"og:image\" content=\"https:\/\/opus-pocus.com\/shop\/wp-content\/uploads\/2022\/04\/Me-Og-2.jpg\" \/>\n<meta name=\"twitter:card\" content=\"summary_large_image\" \/>\n<meta name=\"twitter:label1\" content=\"Dur\u00e9e de lecture estim\u00e9e\" \/>\n\t<meta name=\"twitter:data1\" content=\"3 minutes\" \/>\n<script type=\"application\/ld+json\" class=\"yoast-schema-graph\">{\"@context\":\"https:\\\/\\\/schema.org\",\"@graph\":[{\"@type\":\"WebPage\",\"@id\":\"https:\\\/\\\/www.opus-pocus.com\\\/shop\\\/a-propos\\\/\",\"url\":\"https:\\\/\\\/www.opus-pocus.com\\\/shop\\\/a-propos\\\/\",\"name\":\"Qui suis-je? - Opus Pocus\",\"isPartOf\":{\"@id\":\"https:\\\/\\\/www.opus-pocus.com\\\/shop\\\/#website\"},\"primaryImageOfPage\":{\"@id\":\"https:\\\/\\\/www.opus-pocus.com\\\/shop\\\/a-propos\\\/#primaryimage\"},\"image\":{\"@id\":\"https:\\\/\\\/www.opus-pocus.com\\\/shop\\\/a-propos\\\/#primaryimage\"},\"thumbnailUrl\":\"https:\\\/\\\/opus-pocus.com\\\/shop\\\/wp-content\\\/uploads\\\/2022\\\/04\\\/Me-Og-2.jpg\",\"datePublished\":\"2021-12-14T13:29:12+00:00\",\"dateModified\":\"2022-11-21T16:28:38+00:00\",\"breadcrumb\":{\"@id\":\"https:\\\/\\\/www.opus-pocus.com\\\/shop\\\/a-propos\\\/#breadcrumb\"},\"inLanguage\":\"fr-FR\",\"potentialAction\":[{\"@type\":\"ReadAction\",\"target\":[\"https:\\\/\\\/www.opus-pocus.com\\\/shop\\\/a-propos\\\/\"]}]},{\"@type\":\"ImageObject\",\"inLanguage\":\"fr-FR\",\"@id\":\"https:\\\/\\\/www.opus-pocus.com\\\/shop\\\/a-propos\\\/#primaryimage\",\"url\":\"https:\\\/\\\/opus-pocus.com\\\/shop\\\/wp-content\\\/uploads\\\/2022\\\/04\\\/Me-Og-2.jpg\",\"contentUrl\":\"https:\\\/\\\/opus-pocus.com\\\/shop\\\/wp-content\\\/uploads\\\/2022\\\/04\\\/Me-Og-2.jpg\"},{\"@type\":\"BreadcrumbList\",\"@id\":\"https:\\\/\\\/www.opus-pocus.com\\\/shop\\\/a-propos\\\/#breadcrumb\",\"itemListElement\":[{\"@type\":\"ListItem\",\"position\":1,\"name\":\"Accueil\",\"item\":\"https:\\\/\\\/www.opus-pocus.com\\\/shop\\\/\"},{\"@type\":\"ListItem\",\"position\":2,\"name\":\"Qui suis-je?\"}]},{\"@type\":\"WebSite\",\"@id\":\"https:\\\/\\\/www.opus-pocus.com\\\/shop\\\/#website\",\"url\":\"https:\\\/\\\/www.opus-pocus.com\\\/shop\\\/\",\"name\":\"Opus Pocus\",\"description\":\"Opus Pocus\",\"publisher\":{\"@id\":\"https:\\\/\\\/www.opus-pocus.com\\\/shop\\\/#organization\"},\"potentialAction\":[{\"@type\":\"SearchAction\",\"target\":{\"@type\":\"EntryPoint\",\"urlTemplate\":\"https:\\\/\\\/www.opus-pocus.com\\\/shop\\\/?s={search_term_string}\"},\"query-input\":{\"@type\":\"PropertyValueSpecification\",\"valueRequired\":true,\"valueName\":\"search_term_string\"}}],\"inLanguage\":\"fr-FR\"},{\"@type\":\"Organization\",\"@id\":\"https:\\\/\\\/www.opus-pocus.com\\\/shop\\\/#organization\",\"name\":\"Opus Pocus\",\"url\":\"https:\\\/\\\/www.opus-pocus.com\\\/shop\\\/\",\"logo\":{\"@type\":\"ImageObject\",\"inLanguage\":\"fr-FR\",\"@id\":\"https:\\\/\\\/www.opus-pocus.com\\\/shop\\\/#\\\/schema\\\/logo\\\/image\\\/\",\"url\":\"https:\\\/\\\/i0.wp.com\\\/www.opus-pocus.com\\\/shop\\\/wp-content\\\/uploads\\\/2021\\\/12\\\/opus-pocus-logo.png?fit=300%2C78&ssl=1\",\"contentUrl\":\"https:\\\/\\\/i0.wp.com\\\/www.opus-pocus.com\\\/shop\\\/wp-content\\\/uploads\\\/2021\\\/12\\\/opus-pocus-logo.png?fit=300%2C78&ssl=1\",\"width\":300,\"height\":78,\"caption\":\"Opus Pocus\"},\"image\":{\"@id\":\"https:\\\/\\\/www.opus-pocus.com\\\/shop\\\/#\\\/schema\\\/logo\\\/image\\\/\"}}]}<\/script>\n<!-- \/ Yoast SEO plugin. -->","yoast_head_json":{"title":"Qui suis-je? - Opus Pocus","robots":{"index":"index","follow":"follow","max-snippet":"max-snippet:-1","max-image-preview":"max-image-preview:large","max-video-preview":"max-video-preview:-1"},"canonical":"https:\/\/www.opus-pocus.com\/shop\/a-propos\/","og_locale":"fr_FR","og_type":"article","og_title":"Qui suis-je? - Opus Pocus","og_description":"Pr\u00e9sentation: C&rsquo;est une passionn\u00e9e des m\u00e9tiers d&rsquo;arts, d&rsquo;Histoire, de patrimoine, de min\u00e9raux et d&rsquo;\u00e9sot\u00e9risme qui se cache derri\u00e8re la marque Opus Pocus: \u00ab\u00a0Dipl\u00f4m\u00e9e des M\u00e9tiers d&rsquo;arts dans le textile (styliste\/mod\u00e9liste et costumi\u00e8re), j&rsquo;ai quitt\u00e9 ma Bretagne natale pour m&rsquo;installer \u00e0 Paris en 2010. J&rsquo;ai longtemps travaill\u00e9 dans le bijou comme responsable de boutique et apr\u00e8s &hellip; Qui suis-je? Lire la suite\u00a0\u00bb","og_url":"https:\/\/www.opus-pocus.com\/shop\/a-propos\/","og_site_name":"Opus Pocus","article_modified_time":"2022-11-21T16:28:38+00:00","og_image":[{"url":"https:\/\/opus-pocus.com\/shop\/wp-content\/uploads\/2022\/04\/Me-Og-2.jpg","type":"","width":"","height":""}],"twitter_card":"summary_large_image","twitter_misc":{"Dur\u00e9e de lecture estim\u00e9e":"3 minutes"},"schema":{"@context":"https:\/\/schema.org","@graph":[{"@type":"WebPage","@id":"https:\/\/www.opus-pocus.com\/shop\/a-propos\/","url":"https:\/\/www.opus-pocus.com\/shop\/a-propos\/","name":"Qui suis-je? - Opus Pocus","isPartOf":{"@id":"https:\/\/www.opus-pocus.com\/shop\/#website"},"primaryImageOfPage":{"@id":"https:\/\/www.opus-pocus.com\/shop\/a-propos\/#primaryimage"},"image":{"@id":"https:\/\/www.opus-pocus.com\/shop\/a-propos\/#primaryimage"},"thumbnailUrl":"https:\/\/opus-pocus.com\/shop\/wp-content\/uploads\/2022\/04\/Me-Og-2.jpg","datePublished":"2021-12-14T13:29:12+00:00","dateModified":"2022-11-21T16:28:38+00:00","breadcrumb":{"@id":"https:\/\/www.opus-pocus.com\/shop\/a-propos\/#breadcrumb"},"inLanguage":"fr-FR","potentialAction":[{"@type":"ReadAction","target":["https:\/\/www.opus-pocus.com\/shop\/a-propos\/"]}]},{"@type":"ImageObject","inLanguage":"fr-FR","@id":"https:\/\/www.opus-pocus.com\/shop\/a-propos\/#primaryimage","url":"https:\/\/opus-pocus.com\/shop\/wp-content\/uploads\/2022\/04\/Me-Og-2.jpg","contentUrl":"https:\/\/opus-pocus.com\/shop\/wp-content\/uploads\/2022\/04\/Me-Og-2.jpg"},{"@type":"BreadcrumbList","@id":"https:\/\/www.opus-pocus.com\/shop\/a-propos\/#breadcrumb","itemListElement":[{"@type":"ListItem","position":1,"name":"Accueil","item":"https:\/\/www.opus-pocus.com\/shop\/"},{"@type":"ListItem","position":2,"name":"Qui suis-je?"}]},{"@type":"WebSite","@id":"https:\/\/www.opus-pocus.com\/shop\/#website","url":"https:\/\/www.opus-pocus.com\/shop\/","name":"Opus Pocus","description":"Opus Pocus","publisher":{"@id":"https:\/\/www.opus-pocus.com\/shop\/#organization"},"potentialAction":[{"@type":"SearchAction","target":{"@type":"EntryPoint","urlTemplate":"https:\/\/www.opus-pocus.com\/shop\/?s={search_term_string}"},"query-input":{"@type":"PropertyValueSpecification","valueRequired":true,"valueName":"search_term_string"}}],"inLanguage":"fr-FR"},{"@type":"Organization","@id":"https:\/\/www.opus-pocus.com\/shop\/#organization","name":"Opus Pocus","url":"https:\/\/www.opus-pocus.com\/shop\/","logo":{"@type":"ImageObject","inLanguage":"fr-FR","@id":"https:\/\/www.opus-pocus.com\/shop\/#\/schema\/logo\/image\/","url":"https:\/\/i0.wp.com\/www.opus-pocus.com\/shop\/wp-content\/uploads\/2021\/12\/opus-pocus-logo.png?fit=300%2C78&ssl=1","contentUrl":"https:\/\/i0.wp.com\/www.opus-pocus.com\/shop\/wp-content\/uploads\/2021\/12\/opus-pocus-logo.png?fit=300%2C78&ssl=1","width":300,"height":78,"caption":"Opus Pocus"},"image":{"@id":"https:\/\/www.opus-pocus.com\/shop\/#\/schema\/logo\/image\/"}}]}},"jetpack-related-posts":[],"jetpack_sharing_enabled":true,"_links":{"self":[{"href":"https:\/\/www.opus-pocus.com\/shop\/wp-json\/wp\/v2\/pages\/516","targetHints":{"allow":["GET"]}}],"collection":[{"href":"https:\/\/www.opus-pocus.com\/shop\/wp-json\/wp\/v2\/pages"}],"about":[{"href":"https:\/\/www.opus-pocus.com\/shop\/wp-json\/wp\/v2\/types\/page"}],"author":[{"embeddable":true,"href":"https:\/\/www.opus-pocus.com\/shop\/wp-json\/wp\/v2\/users\/3"}],"replies":[{"embeddable":true,"href":"https:\/\/www.opus-pocus.com\/shop\/wp-json\/wp\/v2\/comments?post=516"}],"version-history":[{"count":19,"href":"https:\/\/www.opus-pocus.com\/shop\/wp-json\/wp\/v2\/pages\/516\/revisions"}],"predecessor-version":[{"id":1475,"href":"https:\/\/www.opus-pocus.com\/shop\/wp-json\/wp\/v2\/pages\/516\/revisions\/1475"}],"wp:attachment":[{"href":"https:\/\/www.opus-pocus.com\/shop\/wp-json\/wp\/v2\/media?parent=516"}],"curies":[{"name":"wp","href":"https:\/\/api.w.org\/{rel}","templated":true}]}}